{"id":5855,"date":"2024-04-26T13:45:41","date_gmt":"2024-04-26T13:45:41","guid":{"rendered":"https:\/\/hormonguiden.se\/staging\/?page_id=5855"},"modified":"2024-09-09T12:01:45","modified_gmt":"2024-09-09T12:01:45","slug":"faq-att-forsta-sin-kropp","status":"publish","type":"page","link":"https:\/\/hormonguiden.se\/staging\/faq-att-forsta-sin-kropp\/","title":{"rendered":"FAQ \u2013 Att f\u00f6rst\u00e5 sin kropp"},"content":{"rendered":"\t\t<div data-elementor-type=\"wp-page\" data-elementor-id=\"5855\" class=\"elementor elementor-5855\" data-elementor-post-type=\"page\">\n\t\t\t\t<div class=\"elementor-element elementor-element-72003db e-flex e-con-boxed e-con e-parent\" data-id=\"72003db\" data-element_type=\"container\" data-settings=\"{&quot;background_background&quot;:&quot;classic&quot;}\">\n\t\t\t\t\t<div class=\"e-con-inner\">\n\t\t<div class=\"elementor-element elementor-element-3850925 e-con-full e-flex e-con e-child\" data-id=\"3850925\" data-element_type=\"container\">\n\t\t<div class=\"elementor-element elementor-element-bab401e e-con-full e-flex e-con e-child\" data-id=\"bab401e\" data-element_type=\"container\" data-settings=\"{&quot;background_background&quot;:&quot;classic&quot;}\">\n\t\t\t\t<div class=\"elementor-element elementor-element-c582668 elementor-widget__width-inherit elementor-widget elementor-widget-table-of-contents\" data-id=\"c582668\" data-element_type=\"widget\" data-settings=\"{&quot;headings_by_tags&quot;:[&quot;h3&quot;],&quot;exclude_headings_by_selector&quot;:[],&quot;marker_view&quot;:&quot;bullets&quot;,&quot;icon&quot;:{&quot;value&quot;:&quot;&quot;,&quot;library&quot;:&quot;&quot;},&quot;min_height&quot;:{&quot;unit&quot;:&quot;px&quot;,&quot;size&quot;:&quot;&quot;,&quot;sizes&quot;:[]},&quot;min_height_tablet&quot;:{&quot;unit&quot;:&quot;px&quot;,&quot;size&quot;:&quot;&quot;,&quot;sizes&quot;:[]},&quot;min_height_mobile&quot;:{&quot;unit&quot;:&quot;px&quot;,&quot;size&quot;:&quot;&quot;,&quot;sizes&quot;:[]}}\" data-widget_type=\"table-of-contents.default\">\n\t\t\t\t<div class=\"elementor-widget-container\">\n\t\t\t<style>\/*! elementor-pro - v3.21.0 - 24-04-2024 *\/\n.elementor-widget-table-of-contents .elementor-toc__header-title{color:var(--header-color)}.elementor-widget-table-of-contents.elementor-toc--collapsed .elementor-toc__toggle-button--collapse,.elementor-widget-table-of-contents:not(.elementor-toc--collapsed) .elementor-toc__toggle-button--expand{display:none}.elementor-widget-table-of-contents .elementor-widget-container{min-height:var(--box-min-height);border:var(--box-border-width,1px) solid var(--box-border-color,#9da5ae);border-radius:var(--box-border-radius,3px);background-color:var(--box-background-color);transition:min-height .4s;overflow:hidden}.elementor-toc__header{display:flex;align-items:center;justify-content:space-between;padding:var(--box-padding,20px);background-color:var(--header-background-color);border-bottom:var(--separator-width,1px) solid var(--box-border-color,#9da5ae)}.elementor-toc__header-title{font-size:18px;margin:0;color:var(--header-color);flex-grow:1}.elementor-toc__toggle-button{cursor:pointer;display:inline-flex}.elementor-toc__toggle-button i{color:var(--toggle-button-color)}.elementor-toc__toggle-button svg{height:1em;width:1em;fill:var(--toggle-button-color)}.elementor-toc__spinner-container{text-align:center}.elementor-toc__spinner{font-size:2em}.elementor-toc__spinner.e-font-icon-svg{height:1em;width:1em}.elementor-toc__body{padding:var(--box-padding,20px);max-height:var(--toc-body-max-height);overflow-y:auto}.elementor-toc__body::-webkit-scrollbar{width:7px}.elementor-toc__body::-webkit-scrollbar-thumb{background-color:#babfc5;border-radius:10px}.elementor-toc__list-wrapper{list-style:none;padding:0}.elementor-toc__list-item{margin-bottom:.5em}.elementor-toc__list-item.elementor-item-active{font-weight:700}.elementor-toc__list-item .elementor-toc__list-wrapper{margin-top:.5em;margin-inline-start:var(--nested-list-indent,1em)}.elementor-toc__list-item-text{transition-duration:var(--item-text-transition-duration)}.elementor-toc__list-item-text:hover{color:var(--item-text-hover-color);-webkit-text-decoration:var(--item-text-hover-decoration);text-decoration:var(--item-text-hover-decoration)}.elementor-toc__list-item-text.elementor-item-active{color:var(--item-text-active-color);-webkit-text-decoration:var(--item-text-active-decoration);text-decoration:var(--item-text-active-decoration)}.elementor-toc__list-item-text-wrapper{display:flex;align-items:center}.elementor-toc__list-item-text-wrapper:before,.elementor-toc__list-item-text-wrapper i{margin-inline-end:8px;color:var(--marker-color)}.elementor-toc__list-item-text-wrapper svg{margin-inline-end:8px;fill:var(--marker-color);height:var(--marker-size,.5em);width:var(--marker-size,.5em)}.elementor-toc__list-item-text-wrapper i{font-size:var(--marker-size,.5em)}.elementor-toc__list-item-text-wrapper:before{font-size:var(--marker-size,1em)}.elementor-toc--content-ellipsis .elementor-toc__list-item-text{white-space:nowrap;overflow:hidden;text-overflow:ellipsis}.elementor-toc__list-items--collapsible>.elementor-toc__list-wrapper>.elementor-toc__list-item>.elementor-toc__list-wrapper{display:none}.elementor-toc__heading-anchor{position:absolute}.elementor-toc__body .elementor-toc__list-item-text{color:var(--item-text-color);-webkit-text-decoration:var(--item-text-decoration);text-decoration:var(--item-text-decoration);transition-duration:var(--item-text-transition-duration)}.elementor-toc__body .elementor-toc__list-item-text:hover{color:var(--item-text-hover-color);-webkit-text-decoration:var(--item-text-hover-decoration);text-decoration:var(--item-text-hover-decoration)}.elementor-toc__body .elementor-toc__list-item-text.elementor-item-active{color:var(--item-text-active-color);-webkit-text-decoration:var(--item-text-active-decoration);text-decoration:var(--item-text-active-decoration)}ol.elementor-toc__list-wrapper{counter-reset:item}ol.elementor-toc__list-wrapper .elementor-toc__list-item{counter-increment:item}ol.elementor-toc__list-wrapper .elementor-toc__list-item-text-wrapper:before{content:counters(item,\".\") \". \"}<\/style>\t\t<div class=\"elementor-toc__header\">\n\t\t\t<h2 class=\"elementor-toc__header-title\">\n\t\t\t\tFilmer\t\t\t<\/h2>\n\t\t\t\t\t<\/div>\n\t\t<div id=\"elementor-toc__c582668\" class=\"elementor-toc__body\">\n\t\t\t<div class=\"elementor-toc__spinner-container\">\n\t\t\t\t<i class=\"elementor-toc__spinner eicon-animation-spin eicon-loading\" aria-hidden=\"true\"><\/i>\t\t\t<\/div>\n\t\t<\/div>\n\t\t\t\t<\/div>\n\t\t\t\t<\/div>\n\t\t\t\t<\/div>\n\t\t\t\t<\/div>\n\t\t\t\t\t<\/div>\n\t\t\t\t<\/div>\n\t\t<div class=\"elementor-element elementor-element-afcaba2 e-flex e-con-boxed e-con e-parent\" data-id=\"afcaba2\" data-element_type=\"container\">\n\t\t\t\t\t<div class=\"e-con-inner\">\n\t\t<div class=\"elementor-element elementor-element-56d50d0 e-flex e-con-boxed e-con e-child\" data-id=\"56d50d0\" data-element_type=\"container\">\n\t\t\t\t\t<div class=\"e-con-inner\">\n\t\t\t\t<div class=\"elementor-element elementor-element-21ad1bb elementor-widget elementor-widget-heading\" data-id=\"21ad1bb\" data-element_type=\"widget\" data-widget_type=\"heading.default\">\n\t\t\t\t<div class=\"elementor-widget-container\">\n\t\t\t<style>\/*! elementor - v3.23.0 - 05-08-2024 *\/\n.elementor-heading-title{padding:0;margin:0;line-height:1}.elementor-widget-heading .elementor-heading-title[class*=elementor-size-]>a{color:inherit;font-size:inherit;line-height:inherit}.elementor-widget-heading .elementor-heading-title.elementor-size-small{font-size:15px}.elementor-widget-heading .elementor-heading-title.elementor-size-medium{font-size:19px}.elementor-widget-heading .elementor-heading-title.elementor-size-large{font-size:29px}.elementor-widget-heading .elementor-heading-title.elementor-size-xl{font-size:39px}.elementor-widget-heading .elementor-heading-title.elementor-size-xxl{font-size:59px}<\/style><h3 class=\"elementor-heading-title elementor-size-default\">Hur funkar menscykeln?<\/h3>\t\t<\/div>\n\t\t\t\t<\/div>\n\t\t\t\t<div class=\"elementor-element elementor-element-dee7195 elementor-widget elementor-widget-video\" data-id=\"dee7195\" data-element_type=\"widget\" data-settings=\"{&quot;video_type&quot;:&quot;hosted&quot;,&quot;controls&quot;:&quot;yes&quot;}\" data-widget_type=\"video.default\">\n\t\t\t\t<div class=\"elementor-widget-container\">\n\t\t\t<style>\/*! elementor - v3.23.0 - 05-08-2024 *\/\n.elementor-widget-video .elementor-widget-container{overflow:hidden;transform:translateZ(0)}.elementor-widget-video .elementor-wrapper{aspect-ratio:var(--video-aspect-ratio)}.elementor-widget-video .elementor-wrapper iframe,.elementor-widget-video .elementor-wrapper video{height:100%;width:100%;display:flex;border:none;background-color:#000}@supports not (aspect-ratio:1\/1){.elementor-widget-video .elementor-wrapper{position:relative;overflow:hidden;height:0;padding-bottom:calc(100% \/ var(--video-aspect-ratio))}.elementor-widget-video .elementor-wrapper iframe,.elementor-widget-video .elementor-wrapper video{position:absolute;top:0;right:0;bottom:0;left:0}}.elementor-widget-video .elementor-open-inline .elementor-custom-embed-image-overlay{position:absolute;top:0;right:0;bottom:0;left:0;background-size:cover;background-position:50%}.elementor-widget-video .elementor-custom-embed-image-overlay{cursor:pointer;text-align:center}.elementor-widget-video .elementor-custom-embed-image-overlay:hover .elementor-custom-embed-play i{opacity:1}.elementor-widget-video .elementor-custom-embed-image-overlay img{display:block;width:100%;aspect-ratio:var(--video-aspect-ratio);-o-object-fit:cover;object-fit:cover;-o-object-position:center center;object-position:center center}@supports not (aspect-ratio:1\/1){.elementor-widget-video .elementor-custom-embed-image-overlay{position:relative;overflow:hidden;height:0;padding-bottom:calc(100% \/ var(--video-aspect-ratio))}.elementor-widget-video .elementor-custom-embed-image-overlay img{position:absolute;top:0;right:0;bottom:0;left:0}}.elementor-widget-video .e-hosted-video .elementor-video{-o-object-fit:cover;object-fit:cover}.e-con-inner>.elementor-widget-video,.e-con>.elementor-widget-video{width:var(--container-widget-width);--flex-grow:var(--container-widget-flex-grow)}<\/style>\t\t<div class=\"e-hosted-video elementor-wrapper elementor-open-inline\">\n\t\t\t\t\t<video class=\"elementor-video\" src=\"https:\/\/hormonguiden.se\/staging\/wp-content\/uploads\/2023\/03\/Mensfra\u030agor.mp4\" controls=\"\" preload=\"metadata\" controlsList=\"nodownload\" poster=\"https:\/\/hormonguiden.se\/staging\/wp-content\/uploads\/2023\/03\/Frame-30.png\"><\/video>\n\t\t\t\t<\/div>\n\t\t\t\t<\/div>\n\t\t\t\t<\/div>\n\t\t\t\t\t<\/div>\n\t\t\t\t<\/div>\n\t\t<div class=\"elementor-element elementor-element-270ac48 e-con-full e-flex e-con e-child\" data-id=\"270ac48\" data-element_type=\"container\">\n\t\t\t\t<div class=\"elementor-element elementor-element-1e1c984 elementor-widget elementor-widget-heading\" data-id=\"1e1c984\" data-element_type=\"widget\" data-widget_type=\"heading.default\">\n\t\t\t\t<div class=\"elementor-widget-container\">\n\t\t\t<h3 class=\"elementor-heading-title elementor-size-default\">Varf\u00f6r \u00e4r \u00f6strogen viktigt?<\/h3>\t\t<\/div>\n\t\t\t\t<\/div>\n\t\t\t\t<div class=\"elementor-element elementor-element-daac2fc elementor-widget elementor-widget-video\" data-id=\"daac2fc\" data-element_type=\"widget\" data-settings=\"{&quot;video_type&quot;:&quot;hosted&quot;,&quot;controls&quot;:&quot;yes&quot;}\" data-widget_type=\"video.default\">\n\t\t\t\t<div class=\"elementor-widget-container\">\n\t\t\t\t\t<div class=\"e-hosted-video elementor-wrapper elementor-open-inline\">\n\t\t\t\t\t<video class=\"elementor-video\" src=\"https:\/\/hormonguiden.se\/staging\/wp-content\/uploads\/2023\/03\/Ostrogen.mp4\" controls=\"\" preload=\"metadata\" controlsList=\"nodownload\" poster=\"https:\/\/hormonguiden.se\/staging\/wp-content\/uploads\/2023\/03\/Frame-29.png\"><\/video>\n\t\t\t\t<\/div>\n\t\t\t\t<\/div>\n\t\t\t\t<\/div>\n\t\t\t\t<\/div>\n\t\t<div class=\"elementor-element elementor-element-a45feec e-con-full e-flex e-con e-child\" data-id=\"a45feec\" data-element_type=\"container\">\n\t\t\t\t<div class=\"elementor-element elementor-element-23dd82b elementor-widget elementor-widget-heading\" data-id=\"23dd82b\" data-element_type=\"widget\" data-widget_type=\"heading.default\">\n\t\t\t\t<div class=\"elementor-widget-container\">\n\t\t\t<h3 class=\"elementor-heading-title elementor-size-default\">Varf\u00f6r \u00e4r progesteron viktigt?<\/h3>\t\t<\/div>\n\t\t\t\t<\/div>\n\t\t\t\t<div class=\"elementor-element elementor-element-de19b4b elementor-widget elementor-widget-video\" data-id=\"de19b4b\" data-element_type=\"widget\" data-settings=\"{&quot;video_type&quot;:&quot;hosted&quot;,&quot;controls&quot;:&quot;yes&quot;}\" data-widget_type=\"video.default\">\n\t\t\t\t<div class=\"elementor-widget-container\">\n\t\t\t\t\t<div class=\"e-hosted-video elementor-wrapper elementor-open-inline\">\n\t\t\t\t\t<video class=\"elementor-video\" src=\"https:\/\/hormonguiden.se\/staging\/wp-content\/uploads\/2023\/03\/Progesteron.mp4\" controls=\"\" preload=\"metadata\" controlsList=\"nodownload\" poster=\"https:\/\/hormonguiden.se\/staging\/wp-content\/uploads\/2023\/03\/Frame-31.png\"><\/video>\n\t\t\t\t<\/div>\n\t\t\t\t<\/div>\n\t\t\t\t<\/div>\n\t\t\t\t<\/div>\n\t\t\t\t\t<\/div>\n\t\t\t\t<\/div>\n\t\t\t\t<\/div>\n\t\t","protected":false},"excerpt":{"rendered":"<p>Filmer Hur funkar menscykeln? https:\/\/hormonguiden.se\/staging\/wp-content\/uploads\/2023\/03\/Mensfra\u030agor.mp4 Varf\u00f6r \u00e4r \u00f6strogen viktigt? https:\/\/hormonguiden.se\/staging\/wp-content\/uploads\/2023\/03\/Ostrogen.mp4 Varf\u00f6r \u00e4r progesteron viktigt? https:\/\/hormonguiden.se\/staging\/wp-content\/uploads\/2023\/03\/Progesteron.mp4<\/p>\n","protected":false},"author":1,"featured_media":0,"parent":0,"menu_order":0,"comment_status":"closed","ping_status":"closed","template":"","meta":{"footnotes":""},"categories":[21,26],"tags":[],"class_list":["post-5855","page","type-page","status-publish","hentry","category-att-forsta-sin-kropp","category-faq"],"yoast_head":"<!-- This site is optimized with the Yoast SEO plugin v23.4 - https:\/\/yoast.com\/wordpress\/plugins\/seo\/ -->\n<title>FAQ \u2013 Att f\u00f6rst\u00e5 sin kropp - Hormonguiden<\/title>\n<meta name=\"robots\" content=\"noindex, follow, max-snippet:-1, max-image-preview:large, max-video-preview:-1\" \/>\n<meta property=\"og:locale\" content=\"en_US\" \/>\n<meta property=\"og:type\" content=\"article\" \/>\n<meta property=\"og:title\" content=\"FAQ \u2013 Att f\u00f6rst\u00e5 sin kropp - Hormonguiden\" \/>\n<meta property=\"og:description\" content=\"Filmer Hur funkar menscykeln? https:\/\/hormonguiden.se\/staging\/wp-content\/uploads\/2023\/03\/Mensfra\u030agor.mp4 Varf\u00f6r \u00e4r \u00f6strogen viktigt? https:\/\/hormonguiden.se\/staging\/wp-content\/uploads\/2023\/03\/Ostrogen.mp4 Varf\u00f6r \u00e4r progesteron viktigt? https:\/\/hormonguiden.se\/staging\/wp-content\/uploads\/2023\/03\/Progesteron.mp4\" \/>\n<meta property=\"og:url\" content=\"https:\/\/hormonguiden.se\/staging\/faq-att-forsta-sin-kropp\/\" \/>\n<meta property=\"og:site_name\" content=\"Hormonguiden\" \/>\n<meta property=\"article:modified_time\" content=\"2024-09-09T12:01:45+00:00\" \/>\n<meta name=\"twitter:card\" content=\"summary_large_image\" \/>\n<meta name=\"twitter:label1\" content=\"Est. reading time\" \/>\n\t<meta name=\"twitter:data1\" content=\"1 minute\" \/>\n<script type=\"application\/ld+json\" class=\"yoast-schema-graph\">{\"@context\":\"https:\/\/schema.org\",\"@graph\":[{\"@type\":\"WebPage\",\"@id\":\"https:\/\/hormonguiden.se\/staging\/faq-att-forsta-sin-kropp\/\",\"url\":\"https:\/\/hormonguiden.se\/staging\/faq-att-forsta-sin-kropp\/\",\"name\":\"FAQ \u2013 Att f\u00f6rst\u00e5 sin kropp - Hormonguiden\",\"isPartOf\":{\"@id\":\"https:\/\/hormonguiden.se\/staging\/#website\"},\"datePublished\":\"2024-04-26T13:45:41+00:00\",\"dateModified\":\"2024-09-09T12:01:45+00:00\",\"breadcrumb\":{\"@id\":\"https:\/\/hormonguiden.se\/staging\/faq-att-forsta-sin-kropp\/#breadcrumb\"},\"inLanguage\":\"en-US\",\"potentialAction\":[{\"@type\":\"ReadAction\",\"target\":[\"https:\/\/hormonguiden.se\/staging\/faq-att-forsta-sin-kropp\/\"]}]},{\"@type\":\"BreadcrumbList\",\"@id\":\"https:\/\/hormonguiden.se\/staging\/faq-att-forsta-sin-kropp\/#breadcrumb\",\"itemListElement\":[{\"@type\":\"ListItem\",\"position\":1,\"name\":\"Hem\",\"item\":\"https:\/\/hormonguiden.se\/staging\/\"},{\"@type\":\"ListItem\",\"position\":2,\"name\":\"FAQ \u2013 Att f\u00f6rst\u00e5 sin kropp\"}]},{\"@type\":\"WebSite\",\"@id\":\"https:\/\/hormonguiden.se\/staging\/#website\",\"url\":\"https:\/\/hormonguiden.se\/staging\/\",\"name\":\"Hormonguiden\",\"description\":\"\",\"publisher\":{\"@id\":\"https:\/\/hormonguiden.se\/staging\/#organization\"},\"potentialAction\":[{\"@type\":\"SearchAction\",\"target\":{\"@type\":\"EntryPoint\",\"urlTemplate\":\"https:\/\/hormonguiden.se\/staging\/?s={search_term_string}\"},\"query-input\":{\"@type\":\"PropertyValueSpecification\",\"valueRequired\":true,\"valueName\":\"search_term_string\"}}],\"inLanguage\":\"en-US\"},{\"@type\":\"Organization\",\"@id\":\"https:\/\/hormonguiden.se\/staging\/#organization\",\"name\":\"Hormonguiden\",\"url\":\"https:\/\/hormonguiden.se\/staging\/\",\"logo\":{\"@type\":\"ImageObject\",\"inLanguage\":\"en-US\",\"@id\":\"https:\/\/hormonguiden.se\/staging\/#\/schema\/logo\/image\/\",\"url\":\"https:\/\/hormonguiden.se\/staging\/wp-content\/uploads\/2022\/06\/loggahormonguiden.png\",\"contentUrl\":\"https:\/\/hormonguiden.se\/staging\/wp-content\/uploads\/2022\/06\/loggahormonguiden.png\",\"width\":350,\"height\":100,\"caption\":\"Hormonguiden\"},\"image\":{\"@id\":\"https:\/\/hormonguiden.se\/staging\/#\/schema\/logo\/image\/\"}}]}<\/script>\n<!-- \/ Yoast SEO plugin. -->","yoast_head_json":{"title":"FAQ \u2013 Att f\u00f6rst\u00e5 sin kropp - Hormonguiden","robots":{"index":"noindex","follow":"follow","max-snippet":"max-snippet:-1","max-image-preview":"max-image-preview:large","max-video-preview":"max-video-preview:-1"},"og_locale":"en_US","og_type":"article","og_title":"FAQ \u2013 Att f\u00f6rst\u00e5 sin kropp - Hormonguiden","og_description":"Filmer Hur funkar menscykeln? https:\/\/hormonguiden.se\/staging\/wp-content\/uploads\/2023\/03\/Mensfra\u030agor.mp4 Varf\u00f6r \u00e4r \u00f6strogen viktigt? https:\/\/hormonguiden.se\/staging\/wp-content\/uploads\/2023\/03\/Ostrogen.mp4 Varf\u00f6r \u00e4r progesteron viktigt? https:\/\/hormonguiden.se\/staging\/wp-content\/uploads\/2023\/03\/Progesteron.mp4","og_url":"https:\/\/hormonguiden.se\/staging\/faq-att-forsta-sin-kropp\/","og_site_name":"Hormonguiden","article_modified_time":"2024-09-09T12:01:45+00:00","twitter_card":"summary_large_image","twitter_misc":{"Est. reading time":"1 minute"},"schema":{"@context":"https:\/\/schema.org","@graph":[{"@type":"WebPage","@id":"https:\/\/hormonguiden.se\/staging\/faq-att-forsta-sin-kropp\/","url":"https:\/\/hormonguiden.se\/staging\/faq-att-forsta-sin-kropp\/","name":"FAQ \u2013 Att f\u00f6rst\u00e5 sin kropp - Hormonguiden","isPartOf":{"@id":"https:\/\/hormonguiden.se\/staging\/#website"},"datePublished":"2024-04-26T13:45:41+00:00","dateModified":"2024-09-09T12:01:45+00:00","breadcrumb":{"@id":"https:\/\/hormonguiden.se\/staging\/faq-att-forsta-sin-kropp\/#breadcrumb"},"inLanguage":"en-US","potentialAction":[{"@type":"ReadAction","target":["https:\/\/hormonguiden.se\/staging\/faq-att-forsta-sin-kropp\/"]}]},{"@type":"BreadcrumbList","@id":"https:\/\/hormonguiden.se\/staging\/faq-att-forsta-sin-kropp\/#breadcrumb","itemListElement":[{"@type":"ListItem","position":1,"name":"Hem","item":"https:\/\/hormonguiden.se\/staging\/"},{"@type":"ListItem","position":2,"name":"FAQ \u2013 Att f\u00f6rst\u00e5 sin kropp"}]},{"@type":"WebSite","@id":"https:\/\/hormonguiden.se\/staging\/#website","url":"https:\/\/hormonguiden.se\/staging\/","name":"Hormonguiden","description":"","publisher":{"@id":"https:\/\/hormonguiden.se\/staging\/#organization"},"potentialAction":[{"@type":"SearchAction","target":{"@type":"EntryPoint","urlTemplate":"https:\/\/hormonguiden.se\/staging\/?s={search_term_string}"},"query-input":{"@type":"PropertyValueSpecification","valueRequired":true,"valueName":"search_term_string"}}],"inLanguage":"en-US"},{"@type":"Organization","@id":"https:\/\/hormonguiden.se\/staging\/#organization","name":"Hormonguiden","url":"https:\/\/hormonguiden.se\/staging\/","logo":{"@type":"ImageObject","inLanguage":"en-US","@id":"https:\/\/hormonguiden.se\/staging\/#\/schema\/logo\/image\/","url":"https:\/\/hormonguiden.se\/staging\/wp-content\/uploads\/2022\/06\/loggahormonguiden.png","contentUrl":"https:\/\/hormonguiden.se\/staging\/wp-content\/uploads\/2022\/06\/loggahormonguiden.png","width":350,"height":100,"caption":"Hormonguiden"},"image":{"@id":"https:\/\/hormonguiden.se\/staging\/#\/schema\/logo\/image\/"}}]}},"_links":{"self":[{"href":"https:\/\/hormonguiden.se\/staging\/wp-json\/wp\/v2\/pages\/5855"}],"collection":[{"href":"https:\/\/hormonguiden.se\/staging\/wp-json\/wp\/v2\/pages"}],"about":[{"href":"https:\/\/hormonguiden.se\/staging\/wp-json\/wp\/v2\/types\/page"}],"author":[{"embeddable":true,"href":"https:\/\/hormonguiden.se\/staging\/wp-json\/wp\/v2\/users\/1"}],"replies":[{"embeddable":true,"href":"https:\/\/hormonguiden.se\/staging\/wp-json\/wp\/v2\/comments?post=5855"}],"version-history":[{"count":11,"href":"https:\/\/hormonguiden.se\/staging\/wp-json\/wp\/v2\/pages\/5855\/revisions"}],"predecessor-version":[{"id":6134,"href":"https:\/\/hormonguiden.se\/staging\/wp-json\/wp\/v2\/pages\/5855\/revisions\/6134"}],"wp:attachment":[{"href":"https:\/\/hormonguiden.se\/staging\/wp-json\/wp\/v2\/media?parent=5855"}],"wp:term":[{"taxonomy":"category","embeddable":true,"href":"https:\/\/hormonguiden.se\/staging\/wp-json\/wp\/v2\/categories?post=5855"},{"taxonomy":"post_tag","embeddable":true,"href":"https:\/\/hormonguiden.se\/staging\/wp-json\/wp\/v2\/tags?post=5855"}],"curies":[{"name":"wp","href":"https:\/\/api.w.org\/{rel}","templated":true}]}}